/(-18) - (-6)/(-27) is divided by (l/(-35))/((-1)/(-5)).
9
Suppose 4*h + 2*k + 2*k = 204, 3*h = -4*k + 149. Calculate the remainder when h is divided by (90/(-11 + 1))/((-2)/(-8)*-3).
7
Suppose -4*i - 10*m + 832 = -7*m, -4*i + 4*m + 860 = 0. What is the remainder when i is divided by 8?
3
Suppose -7*c + 4*c - 4*s = -170, c - 2*s = 60. What is the remainder when 173 is divided by c?
57
Suppose 5*z - 5*o = 0, -35 = -4*z + o - 4*o. Suppose i - 42 = z*a + 5*i, 2*i + 30 = -4*a. What is the remainder when 5 is divided by 2/a*(-7 + -2)?
2
Let f(u) = -u**3 - 6*u**2 + 3*u - 12. Let s be f(-7). Suppose s = 4*y, 5*w - w = -y + 20. What is the remainder when 23 is divided by w?
3
Suppose 18 + 12 = 5*u. Calculate the remainder when 3/u*(3 - 1) is divided by 1.
0
Let m(x) = 143*x**3 - x**2 + 1. What is the remainder when m(1) is divided by 21?
17
Let o be 1*(-18)/(-5 + 4). What is the remainder when -1 + o + 13 + -14 is divided by 10?
6
Let r = 253 - 236. What is the remainder when 65 is divided by r?
14
Let w(d) = 6*d + 10. Let l(s) = -s. Let y(p) = 4*l(p) + w(p). Let b be y(-3). Suppose 20 = b*n - 56. What is the remainder when n is divided by 5?
4
Let o(g) = 4*g - 17. Let i be o(7). Suppose 234 = i*f - 5*f. Calculate the remainder when f is divided by 10.
9
Let f(u) = u**2 - 32*u - 90. Calculate the remainder when 21 is divided by f(35).
6
Let g = -1884 - -1928. Calculate the remainder when 178 is divided by g.
2
Let z(l) = -l**2 - 9*l + 9. What is the remainder when 2/(-5) + (-2655)/(-75) is divided by z(-9)?
8
Suppose 0 = p - 6*p + 95. Suppose -2*x + 25 = -3*d, 5*d + 10 = -x + 2*d. What is the remainder when p is divided by x?
4
Suppose 1 + 3 = 4*v. Let f(k) = 15*k + 1. Let h be f(v). Let z = 15 + h. Calculate the remainder when z is divided by 17.
14
Let p be 3 + -1 - (2 - 3). Suppose -p*t - 12 = -3. Calculate the remainder when 7 is divided by (t/((-6)/10))/1.
2
Suppose -4*c + 5*r = -63, 26*c - 25*c - 5*r = -3. What is the remainder when 12/4 + 79 + 1 is divided by c?
17
Let b(q) = -8 - 78*q + 82*q - 35. What is the remainder when 79 is divided by b(15)?
11
Let k = 937 + -835. What is the remainder when k is divided by 44?
14
Let l = -11 + 15. Suppose 0 = -4*i - a + 5*a + 20, -l*a - 5 = i. Calculate the remainder when 5 is divided by 1 - (i - 6) - 2.
1
Let l = 84 - -35. Calculate the remainder when l is divided by 16.
7
Suppose 2*h - 5*s = 12, 0*h + s = -2*h + 12. Calculate the remainder when (h/12 - 6/4)*-27 is divided by 5.
2
Suppose f - 3*p + 1 = -7*p, -f - 4 = 5*p. Let h(w) = -7 - w**2 + 0 - 5 + 0 - f*w. Calculate the remainder when 45 is divided by h(-8).
9
Suppose -12 = -3*d - 93. Let s = d - -86. Calculate the remainder when s is divided by 12.
11
Suppose 0 = 4*k + k + 5, 2*l = -4*k + 120. Calculate the remainder when 991 is divided by l.
61
Let v be (-87)/(-12) - 15/(-20). Suppose -14*f + 192 = -v*f. Calculate the remainder when 122 is divided by f.
26
Suppose 45*r = -2*r + 1410. What is the remainder when 264 is divided by r?
24
Calculate the remainder when 93 is divided by -1 - -5 - -9*(-55)/(-33).
17
Let d be 777/(-185) - (0 + (-2)/10). What is the remainder when d - 208/(-20) - 2/5 is divided by (-2)/(-8) - (-11)/4?
0
Suppose -28*w = -27*w - f - 817, f = 2*w - 1636. Calculate the remainder when w is divided by 59.
52
Suppose m + 3*c - 145 = 0, c - 2*c = -4*m + 554. Suppose d = 3*w - m, 2*w - 2*d - 146 + 52 = 0. What is the remainder when w is divided by 8?
6
Calculate the remainder when 320 is divided by -15*(9 - (-572)/(-39)).
65
Calculate the remainder when 16/(-48) - 344/(-6) is divided by 15.
12
Let q(t) be the first derivative of 3*t**2/2 + 4*t - 4. Let s(z) = -2*z - 4. Let y(w) = -3*q(w) - 2*s(w). What is the remainder when 31 is divided by y(-3)?
9
Suppose 0 = -467*y + 472*y - 145. What is the remainder when 71 is divided by y?
13
Let u be 10/(-3)*(-12)/8. Suppose -5*g - 4*l + 148 = -5*l, -3*l = -u*g + 144. Calculate the remainder when g is divided by 0/5 - 16*-1.
14
Let j = 1183 - 1170. Suppose l = -2*l + 9. What is the remainder when j is divided by l?
1
Suppose 2*d + 277 = 2*q - 19, 5*q = d + 748. What is the remainder when q is divided by 33?
18
Let a be (-17 + -2)/(9/36). Let w = a + 95. Calculate the remainder when w is divided by 10.
9
Suppose -3*j + 421 = 2*t, -3*t + 71 + 213 = 2*j. What is the remainder when j is divided by 30?
19
Suppose -7376 = -5*p - k, -3*p - k = k - 4420. Suppose -4*s = 8*s - p. What is the remainder when s is divided by 21?
18
Let o(z) = 6*z**2 + 40*z + 15. Suppose y = -y + 166. What is the remainder when y is divided by o(-7)?
25
Suppose -50*v - 161 = -57*v. Let z = 15 + -10. Calculate the remainder when v is divided by z.
3
Suppose t + 2698 = 20*t. Calculate the remainder when t is divided by 53.
36
Suppose 5*c + 74*c - 4819 = 0. Calculate the remainder when 182 is divided by c.
60
Let c(q) be the third derivative of q**6/120 + 11*q**5/60 + 2*q**4/3 - q**3 - 5*q**2. Let v = -32 + 52. What is the remainder when v is divided by c(-9)?
8
Let d(v) = 5*v**2 - 6*v + 8. Let f(g) = -9*g**2 + 11*g - 15. Let b(q) = -7*d(q) - 4*f(q). What is the remainder when b(-3) is divided by 3?
1
Let u(w) = 3*w**2 + 5*w - 31*w**3 - 6*w**3 - 3*w. What is the remainder when u(-1) is divided by (-36)/(-4) - -1*4?
12
Let o(z) be the second derivative of -z**5/20 + 7*z**4/6 + 2*z**3/3 - 5*z**2 + 21*z. What is the remainder when o(14) is divided by 12?
10
Let a(x) = -4*x - 11. Let t be (-6)/(-4)*(-56)/21. Let k be a(t). Suppose -8 - 24 = -z + k*f, 3*f = 2*z - 29. What is the remainder when 12 is divided by z?
5
Suppose 0 = 16*a - 82 - 142. What is the remainder when a is divided by 8?
6
Suppose -64 = 89*s - 97*s. Calculate the remainder when 21 is divided by s.
5
Calculate the remainder when (2/(-4)*38)/(1/(-10)) is divided by 102.
88
Suppose 0 = -8*v + 11*v - 30. Suppose 3*a + 6*f = v*f + 82, -122 = -3*a - 4*f. Calculate the remainder when a is divided by 23.
11
Let i(l) = 4*l - 21. Suppose -2*c + 3 + 9 = 0. Calculate the remainder when i(11) is divided by c.
5
Let s(l) be the first derivative of 7*l**2/2 - 2*l + 8. Calculate the remainder when 35 is divided by s(2).
11
Suppose g + w - 6*w = -46, -4*w = -g - 43. Let r = g + 54. What is the remainder when 44 is divided by r?
21
Suppose -4*t - 23 - 5 = 2*c, -5*t = -3*c - 9. Let s(q) = -q**3 - 8*q**2 - 5*q - 14. What is the remainder when 51 is divided by s(c)?
25
Suppose -102*c = -96*c - 102. What is the remainder when 26 is divided by c?
9
Let c be (-1 + 3)/((-1)/(-2)). Suppose -36*d = -40*d + 16. What is the remainder when (15/(-10))/((-1)/c) is divided by d?
2
Suppose -4*q = -2*g + 20, g - 3*q + 0*q - 8 = 0. What is the remainder when 23 is divided by g?
9
Suppose 4*a + l + 17 = 0, 3*l = 4*a + 2*l + 23. Let d be (-8)/a*15/6. What is the remainder when 33*-1*d/(-3) is divided by 15?
14
Let a be (222/15 - 4)*-5. Calculate the remainder when (-1683)/a - 2/12 is divided by 17.
14
Calculate the remainder when 5 + -1 + -4 + 130 is divided by 50.
30
Suppose -25 = 4*u - 9*u. Suppose z - 3*d - 4 = -5*d, -u*z - 4*d = -32. Suppose 24 = 3*f - f - w, z = 4*w. Calculate the remainder when 51 is divided by f.
12
Suppose -4*i + 5*d + 8 = 4, 3*i + 5*d = 38. Calculate the remainder when 789 is divided by i.
3
Let g = 70 - 37. Calculate the remainder when g is divided by ((-1)/3)/(16/(-912)) - 1.
15
Suppose 25 = h - f, 29 + 28 = 2*h + 5*f. Suppose 72 - 2 = 5*j. What is the remainder when h is divided by j?
12
Let l(k) be the second derivative of k**3/3 - 2*k**2 + 4*k. Let t be l(3). Suppose -t*i - 15 = -5*i. What is the remainder when 9 is divided by i?
4
Suppose -18 = -2*g + c, 25 = 5*g + 4*c + 6. Let w = g + 5. Calculate the remainder when 59 is divided by w.
11
Suppose 13*b - 423 = 539. Let y = -10 - -17. What is the remainder when b is divided by y?
4
Let w be (-2)/9*3*1098/(-12). Suppose a = 3*h + w, -2*h = -0*h - 4. What is the remainder when a is divided by 14?
11
Let b be ((4/3)/2)/(20/270). Suppose 625 - 67 = b*t. Calculate the remainder when t is divided by 1*(-3 - -1 - -24).
18
Let x(p) = -p**2 + 10*p - 9. Let g = -19 - 11. What is the remainder when 184/(-6)*g/20 is divided by x(3)?
10
Let i = 232 - 157. Suppose 2*q + 159 - 482 = -5*m, -4*q + 4*m = -688. What is the remainder 